{"id":11,"date":"2020-01-06T23:32:10","date_gmt":"2020-01-06T23:32:10","guid":{"rendered":"http:\/\/opavice.cz\/?page_id=11"},"modified":"2024-09-04T09:20:18","modified_gmt":"2024-09-04T09:20:18","slug":"vypis-z-or","status":"publish","type":"page","link":"https:\/\/www.opavice.cz\/?page_id=11","title":{"rendered":"V\u00fdpis z OR"},"content":{"rendered":"<div class=\"aunp-udajPanel\">\n<div class=\"div-table\">\n<div class=\"div-row\">\n<div class=\"div-cell w45mm\">\n<div class=\"vr-hlavicka\">Datum vzniku a z\u00e1pisu:<\/div>\n<\/div>\n<div class=\"div-cell\">\n<div>2. \u010dervna 1997<\/div>\n<\/div>\n<\/div>\n<\/div>\n<\/div>\n<div class=\"vr-child\">\n<div class=\"aunp-content\"><\/div>\n<\/div>\n<div class=\"vr-child\">\n<div class=\"aunp-content\">\n<div class=\"aunp-udajPanel\">\n<div class=\"vr-hlavicka\">\n<hr \/>\n<\/div>\n<div class=\"div-table\">\n<div class=\"div-row\">\n<div class=\"div-cell w45mm\">\n<div class=\"vr-hlavicka\"><span class=\"nounderline\">Spisov\u00e1 zna\u010dka: <\/span><\/div>\n<\/div>\n<div class=\"div-cell\">\n<div>B 1083 veden\u00e1 u Krajsk\u00e9ho soudu v Ostrav\u011b<\/div>\n<\/div>\n<\/div>\n<\/div>\n<\/div>\n<\/div>\n<\/div>\n<div class=\"vr-child\">\n<div class=\"aunp-content\">\n<div class=\"aunp-udajPanel\">\n<div class=\"vr-hlavicka\">\n<hr \/>\n<\/div>\n<div class=\"div-table\">\n<div class=\"div-row\">\n<div class=\"div-cell w45mm\">\n<div class=\"vr-hlavicka\"><span class=\"nounderline\">Obchodn\u00ed firma: <\/span><\/div>\n<\/div>\n<div class=\"div-cell\">\n<div><span class=\"preformatted\">Opavice a.s.<\/span><\/div>\n<\/div>\n<\/div>\n<\/div>\n<\/div>\n<\/div>\n<\/div>\n<div class=\"vr-child\">\n<div class=\"aunp-content\">\n<div class=\"aunp-udajPanel\">\n<div class=\"vr-hlavicka\">\n<hr \/>\n<\/div>\n<div class=\"div-table\">\n<div class=\"div-row\">\n<div class=\"div-cell w45mm\">\n<div class=\"vr-hlavicka\"><span class=\"nounderline\">S\u00eddlo: <\/span><\/div>\n<\/div>\n<div class=\"div-cell\">\n<div id=\"id9\">\n<div>Moravec 293, 747 22 Doln\u00ed Bene\u0161ov<\/div>\n<\/div>\n<\/div>\n<\/div>\n<\/div>\n<\/div>\n<\/div>\n<\/div>\n<div class=\"vr-child\">\n<div class=\"aunp-content\">\n<div class=\"aunp-udajPanel\">\n<div class=\"vr-hlavicka\">\n<hr \/>\n<\/div>\n<div class=\"div-table\">\n<div class=\"div-row\">\n<div class=\"div-cell w45mm\">\n<div class=\"vr-hlavicka\"><span class=\"nounderline\">Identifika\u010dn\u00ed \u010d\u00edslo: <\/span><\/div>\n<\/div>\n<div class=\"div-cell\">\n<div><span class=\"nowrap\">25375245<\/span><\/div>\n<\/div>\n<\/div>\n<\/div>\n<\/div>\n<\/div>\n<\/div>\n<div class=\"vr-child\">\n<div class=\"aunp-content\">\n<div class=\"aunp-udajPanel\">\n<div class=\"vr-hlavicka\">\n<hr \/>\n<\/div>\n<div class=\"div-table\">\n<div class=\"div-row\">\n<div class=\"div-cell w45mm\">\n<div class=\"vr-hlavicka\"><span class=\"nounderline\">Pr\u00e1vn\u00ed forma: <\/span><\/div>\n<\/div>\n<div class=\"div-cell\">\n<div>Akciov\u00e1 spole\u010dnost<\/div>\n<\/div>\n<\/div>\n<\/div>\n<\/div>\n<\/div>\n<\/div>\n<div class=\"vr-child\">\n<div class=\"aunp-content\">\n<div class=\"aunp-udajPanel\">\n<div class=\"vr-hlavicka\">\n<hr \/>\n<\/div>\n<div class=\"div-table\">\n<div class=\"div-row\">\n<div class=\"div-cell w45mm\">\n<div class=\"vr-hlavicka\"><span class=\"nounderline\">P\u0159edm\u011bt podnik\u00e1n\u00ed: <\/span><\/div>\n<\/div>\n<div class=\"div-cell\">\n<div><\/div>\n<\/div>\n<\/div>\n<\/div>\n<\/div>\n<div class=\"vr-child\">\n<div class=\"aunp-content\">\n<div class=\"aunp-udajPanel\">\n<div class=\"vr-hlavicka\"><\/div>\n<div class=\"div-table\">\n<div class=\"div-row\">\n<div class=\"div-cell w45mm\">\n<div class=\"vr-hlavicka\"><\/div>\n<\/div>\n<div class=\"div-cell\">\n<div><span class=\"preformatted\">zem\u011bd\u011blstv\u00ed, v\u010detn\u011b prodeje nezpracovan\u00fdch zem\u011bd\u011blsk\u00fdch v\u00fdrobk\u016f za \u00fa\u010delem zpracov\u00e1n\u00ed nebo dal\u0161\u00edho prodeje, nejde-li o provozov\u00e1n\u00ed odborn\u00fdch \u010dinnost\u00ed na \u00faseku rostlinol\u00e9ka\u0159sk\u00e9 p\u00e9\u010de<\/span><\/div>\n<\/div>\n<\/div>\n<\/div>\n<\/div>\n<\/div>\n<\/div>\n<div class=\"vr-child\">\n<div class=\"aunp-content\">\n<div class=\"aunp-udajPanel\">\n<div class=\"vr-hlavicka\">\n<hr \/>\n<\/div>\n<div class=\"div-table\">\n<div class=\"div-row\">\n<div class=\"div-cell w45mm\">\n<div class=\"vr-hlavicka\"><\/div>\n<\/div>\n<div class=\"div-cell\">\n<div><span class=\"preformatted\">v\u00fdroba, obchod a\u00a0slu\u017eby neuveden\u00e9 v\u00a0p\u0159\u00edloh\u00e1ch 1 a\u017e 3 \u017eivnostensk\u00e9ho z\u00e1kona<\/span><\/div>\n<\/div>\n<\/div>\n<\/div>\n<\/div>\n<\/div>\n<\/div>\n<div class=\"vr-child\">\n<div class=\"aunp-content\">\n<div class=\"aunp-udajPanel\">\n<div class=\"vr-hlavicka\">\n<hr \/>\n<\/div>\n<div class=\"div-table\">\n<div class=\"div-row\">\n<div class=\"div-cell w45mm\">\n<div class=\"vr-hlavicka\"><\/div>\n<\/div>\n<div class=\"div-cell\">\n<div><span class=\"preformatted\">\u010cinnost \u00fa\u010detn\u00edch poradc\u016f, veden\u00ed \u00fa\u010detnictv\u00ed, veden\u00ed da\u0148ov\u00e9 evidence <\/span><\/div>\n<\/div>\n<\/div>\n<\/div>\n<\/div>\n<\/div>\n<\/div>\n<div class=\"vr-child\">\n<div class=\"aunp-content\">\n<div class=\"aunp-udajPanel\">\n<div class=\"vr-hlavicka\">\n<hr \/>\n<\/div>\n<div class=\"div-table\">\n<div class=\"div-row\">\n<div class=\"div-cell w45mm\">\n<div class=\"vr-hlavicka\"><\/div>\n<\/div>\n<div class=\"div-cell\">\n<div><span class=\"preformatted\">Silni\u010dn\u00ed motorov\u00e1 doprava \u2013 n\u00e1kladn\u00ed provozovan\u00e1 vozidly nebo j\u00edzdn\u00edmi soupravami o nejv\u011bt\u0161\u00ed povolen\u00e9 hmotnosti p\u0159esahuj\u00edc\u00ed 3,5 tuny, jsou-li ur\u010deny k p\u0159eprav\u011b zv\u00ed\u0159at nebo v\u011bc\u00ed \u2013 n\u00e1kladn\u00ed provozovan\u00e1 vozidly nebo j\u00edzdn\u00edmi soupravami o nejv\u011bt\u0161\u00ed povolen\u00e9 hmotnosti nep\u0159esahuj\u00edc\u00ed 3,5 tuny, jsou-li ur\u010deny k p\u0159eprav\u011b zv\u00ed\u0159at nebo v\u011bc\u00ed <\/span><\/div>\n<\/div>\n<\/div>\n<\/div>\n<\/div>\n<\/div>\n<\/div>\n<\/div>\n<\/div>\n<div class=\"vr-child\">\n<div class=\"aunp-content\">\n<div class=\"aunp-udajPanel\">\n<div class=\"vr-hlavicka\">\n<hr \/>\n<\/div>\n<div class=\"div-table\">\n<div class=\"div-row\">\n<div class=\"div-cell w45mm\">\n<div class=\"vr-hlavicka\"><span class=\"nounderline\">Spr\u00e1vn\u00ed rada: <\/span><\/div>\n<\/div>\n<div class=\"div-cell\"><\/div>\n<\/div>\n<\/div>\n<\/div>\n<div class=\"vr-child\">\n<div class=\"aunp-content\">\n<div class=\"aunp-udajPanel\">\n<div class=\"vr-hlavicka\"><\/div>\n<div class=\"div-table\">\n<div class=\"div-row\">\n<div class=\"div-cell\">\n<div class=\"vr-hlavicka\"><span class=\"nounderline\">p\u0159edseda spr\u00e1vn\u00ed rady: <\/span><\/div>\n<\/div>\n<\/div>\n<div class=\"div-row\">\n<div class=\"div-cell w45mm\"><\/div>\n<div class=\"div-cell\">\n<div>\n<div>\n<div>Ing. OLD\u0158ICH FOJT\u00cdK, dat. nar. 27. \u010dervna 1961<\/div>\n<div>Bolatick\u00e1 189, 747 19 Bohuslavice<\/div>\n<\/div>\n<div>Den vzniku funkce: 22. \u010dervna 2023<\/div>\n<div>Den vzniku \u010dlenstv\u00ed: 22. \u010dervna 2023<\/div>\n<\/div>\n<\/div>\n<\/div>\n<\/div>\n<\/div>\n<\/div>\n<\/div>\n<div class=\"vr-child\">\n<div class=\"aunp-content\">\n<div class=\"aunp-udajPanel\">\n<div class=\"vr-hlavicka\">\n<hr \/>\n<\/div>\n<div class=\"div-table\">\n<div class=\"div-row\">\n<div class=\"div-cell\">\n<div class=\"vr-hlavicka\"><span class=\"nounderline\">\u010dlen spr\u00e1vn\u00ed rady: <\/span><\/div>\n<\/div>\n<\/div>\n<div class=\"div-row\">\n<div class=\"div-cell w45mm\"><\/div>\n<div class=\"div-cell\">\n<div>\n<div>\n<div>PAVEL RICHTER, dat. nar. 15. srpna 1956<\/div>\n<div>Z\u00e1humenn\u00ed 1485\/61, Kouty, 747 21 Krava\u0159e<\/div>\n<\/div>\n<div>Den vzniku \u010dlenstv\u00ed: 22. \u010dervna 2023<\/div>\n<\/div>\n<\/div>\n<\/div>\n<\/div>\n<\/div>\n<\/div>\n<\/div>\n<div class=\"vr-child\">\n<div class=\"aunp-content\">\n<div class=\"aunp-udajPanel\">\n<div class=\"vr-hlavicka\">\n<hr \/>\n<\/div>\n<div class=\"div-table\">\n<div class=\"div-row\">\n<div class=\"div-cell w45mm\">\n<div class=\"vr-hlavicka\"><span class=\"nounderline\">Po\u010det \u010dlen\u016f: <\/span><\/div>\n<\/div>\n<div class=\"div-cell\">\n<div>2<\/div>\n<\/div>\n<\/div>\n<\/div>\n<\/div>\n<\/div>\n<\/div>\n<div class=\"vr-child\">\n<div class=\"aunp-content\">\n<div class=\"aunp-udajPanel\">\n<div class=\"vr-hlavicka\">\n<hr \/>\n<\/div>\n<div class=\"div-table\">\n<div class=\"div-row\">\n<div class=\"div-cell w45mm\">\n<div class=\"vr-hlavicka\"><span class=\"nounderline\">Zp\u016fsob jedn\u00e1n\u00ed: <\/span><\/div>\n<\/div>\n<div class=\"div-cell\">\n<div><span class=\"preformatted\">Statut\u00e1rn\u00edm org\u00e1nem spole\u010dnosti je spr\u00e1vn\u00ed rada. Za spole\u010dnost jedn\u00e1 p\u0159edseda spr\u00e1vn\u00ed rady samostatn\u011b.<\/span><\/div>\n<\/div>\n<\/div>\n<\/div>\n<\/div>\n<\/div>\n<\/div>\n<\/div>\n<\/div>\n<div class=\"vr-child\">\n<div class=\"aunp-content\">\n<div class=\"aunp-udajPanel\">\n<div class=\"vr-hlavicka\">\n<hr \/>\n<\/div>\n<div class=\"div-table\">\n<div class=\"div-row\">\n<div class=\"div-cell w45mm\">\n<div class=\"vr-hlavicka\"><span class=\"nounderline\">Akcie: <\/span><\/div>\n<\/div>\n<div class=\"div-cell\">\n<div><\/div>\n<\/div>\n<\/div>\n<\/div>\n<\/div>\n<div class=\"vr-child\">\n<div class=\"aunp-content\">\n<div class=\"aunp-udajPanel\">\n<div class=\"vr-hlavicka\"><\/div>\n<div class=\"div-table\">\n<div class=\"div-row\">\n<div class=\"div-cell w45mm\">\n<div class=\"vr-hlavicka\"><\/div>\n<\/div>\n<div class=\"div-cell\">\n<div>\n<div>61 631 ks akcie na jm\u00e9no ve jmenovit\u00e9 hodnot\u011b 1 000,- K\u010d<\/div>\n<div><\/div>\n<\/div>\n<\/div>\n<\/div>\n<\/div>\n<\/div>\n<\/div>\n<\/div>\n<\/div>\n<\/div>\n<div class=\"vr-child\">\n<div class=\"aunp-content\">\n<div class=\"aunp-udajPanel\">\n<div class=\"vr-hlavicka\">\n<hr \/>\n<\/div>\n<div class=\"div-table\">\n<div class=\"div-row\">\n<div class=\"div-cell w45mm\">\n<div class=\"vr-hlavicka\"><span class=\"nounderline\">Z\u00e1kladn\u00ed kapit\u00e1l: <\/span><\/div>\n<\/div>\n<div class=\"div-cell\">\n<div>\n<div>61 631 000,- K\u010d<\/div>\n<div>Splaceno: 100%<\/div>\n<div><\/div>\n<\/div>\n<\/div>\n<\/div>\n<\/div>\n<\/div>\n<\/div>\n<\/div>\n<div class=\"vr-child\">\n<div class=\"aunp-content\">\n<div class=\"aunp-udajPanel\">\n<div class=\"vr-hlavicka\">\n<hr \/>\n<\/div>\n<div class=\"div-table\">\n<div class=\"div-row\">\n<div class=\"div-cell w45mm\">\n<div class=\"vr-hlavicka\"><span class=\"nounderline\">Ostatn\u00ed skute\u010dnosti: <\/span><\/div>\n<\/div>\n<div class=\"div-cell\">\n<div><\/div>\n<\/div>\n<\/div>\n<\/div>\n<\/div>\n<div class=\"vr-child\">\n<div class=\"aunp-content\">\n<div class=\"aunp-udajPanel\">\n<div class=\"vr-hlavicka\"><\/div>\n<div class=\"div-table\">\n<div class=\"div-row\">\n<div class=\"div-cell w45mm\">\n<div class=\"vr-hlavicka\"><\/div>\n<\/div>\n<div class=\"div-cell\">\n<div><span class=\"preformatted\">Zakladatel: Zem\u011bd\u011blsk\u00e9 dru\u017estvo se s\u00eddlem v Bolatic\u00edch Bolatice, M\u00edrov\u00e1 17, PS\u010c 747 23<\/span><\/div>\n<\/div>\n<\/div>\n<\/div>\n<\/div>\n<\/div>\n<\/div>\n<div class=\"vr-child\">\n<div class=\"aunp-content\">\n<div class=\"aunp-udajPanel\">\n<div class=\"vr-hlavicka\">\n<hr \/>\n<\/div>\n<div class=\"div-table\">\n<div class=\"div-row\">\n<div class=\"div-cell w45mm\">\n<div class=\"vr-hlavicka\"><\/div>\n<\/div>\n<div class=\"div-cell\">\n<div><span class=\"preformatted\">Obchodn\u00ed korporace se pod\u0159\u00eddila z\u00e1konu jako celku postupem podle \u00a7 777 odst. 5 z\u00e1kona \u010d. 90\/2012 Sb., o obchodn\u00edch spole\u010dnostech a dru\u017estvech.<\/span><\/div>\n<\/div>\n<\/div>\n<\/div>\n<\/div>\n<\/div>\n<\/div>\n<div class=\"vr-child\">\n<div class=\"aunp-content\">\n<div class=\"aunp-udajPanel\">\n<div class=\"vr-hlavicka\">\n<hr \/>\n<\/div>\n<div class=\"div-table\">\n<div class=\"div-row\">\n<div class=\"div-cell w45mm\">\n<div class=\"vr-hlavicka\"><\/div>\n<\/div>\n<div class=\"div-cell\">\n<div><span class=\"preformatted\">Akcie spole\u010dnosti jsou p\u0159evoditeln\u00e9 tak, \u017ee k p\u0159evodu akci\u00ed je t\u0159eba souhlasu spr\u00e1vn\u00ed rady spole\u010dnosti. Spr\u00e1vn\u00ed rada nem\u016f\u017ee odm\u00edtnout ud\u011blit souhlas p\u0159i p\u0159evodu akcie na p\u0159\u00edbuzn\u00e9ho v \u0159ad\u011b p\u0159\u00edm\u00e9, sourozence a man\u017eela nebo partnera podle jin\u00e9ho z\u00e1kona upravuj\u00edc\u00edho registrovan\u00e9 partnerstv\u00ed.<\/span><\/div>\n<\/div>\n<\/div>\n<\/div>\n<\/div>\n<\/div>\n<\/div>\n<\/div>\n<\/div>\n","protected":false},"excerpt":{"rendered":"<p>Datum vzniku a z\u00e1pisu: 2. \u010dervna 1997 Spisov\u00e1 zna\u010dka: B 1083 veden\u00e1 u Krajsk\u00e9ho soudu v Ostrav\u011b Obchodn\u00ed firma: Opavice a.s. S\u00eddlo: Moravec 293, 747 22 Doln\u00ed Bene\u0161ov Identifika\u010dn\u00ed \u010d\u00edslo: 25375245 Pr\u00e1vn\u00ed forma: Akciov\u00e1 spole\u010dnost P\u0159edm\u011bt podnik\u00e1n\u00ed: zem\u011bd\u011blstv\u00ed, v\u010detn\u011b prodeje nezpracovan\u00fdch zem\u011bd\u011blsk\u00fdch v\u00fdrobk\u016f za \u00fa\u010delem zpracov\u00e1n\u00ed nebo dal\u0161\u00edho prodeje, nejde-li o provozov\u00e1n\u00ed odborn\u00fdch \u010dinnost\u00ed na [&hellip;]<\/p>\n","protected":false},"author":1,"featured_media":0,"parent":0,"menu_order":0,"comment_status":"closed","ping_status":"closed","template":"","meta":{"footnotes":""},"_links":{"self":[{"href":"https:\/\/www.opavice.cz\/index.php?rest_route=\/wp\/v2\/pages\/11"}],"collection":[{"href":"https:\/\/www.opavice.cz\/index.php?rest_route=\/wp\/v2\/pages"}],"about":[{"href":"https:\/\/www.opavice.cz\/index.php?rest_route=\/wp\/v2\/types\/page"}],"author":[{"embeddable":true,"href":"https:\/\/www.opavice.cz\/index.php?rest_route=\/wp\/v2\/users\/1"}],"replies":[{"embeddable":true,"href":"https:\/\/www.opavice.cz\/index.php?rest_route=%2Fwp%2Fv2%2Fcomments&post=11"}],"version-history":[{"count":2,"href":"https:\/\/www.opavice.cz\/index.php?rest_route=\/wp\/v2\/pages\/11\/revisions"}],"predecessor-version":[{"id":153,"href":"https:\/\/www.opavice.cz\/index.php?rest_route=\/wp\/v2\/pages\/11\/revisions\/153"}],"wp:attachment":[{"href":"https:\/\/www.opavice.cz\/index.php?rest_route=%2Fwp%2Fv2%2Fmedia&parent=11"}],"curies":[{"name":"wp","href":"https:\/\/api.w.org\/{rel}","templated":true}]}}